
2
What is the ten thousands digit of 44342809?
4
What is the tens digit of 43502975?
7
What is the ten thousands digit of 3955447745?
4
What is the ten thousands digit of 42310363?
1
What is the hundred millions digit of 536078257?
5
What is the ten thousands digit of 177800089?
0
What is the ten thousands digit of 38737478?
3
What is the thousands digit of 235130793?
0
What is the ten thousands digit of 538050467?
5
What is the ten millions digit of 5181863039?
8
What is the hundred thousands digit of 3987197?
9
What is the ten millions digit of 67852301?
6
What is the hundred millions digit of 108292874?
1
What is the hundred thousands digit of 23536571?
5
What is the hundreds digit of 643294801?
8
What is the units digit of 12669597?
7
What is the units digit of 1881581406?
6
What is the tens digit of 192694966?
6
What is the hundreds digit of 4929661517?
5
What is the ten thousands digit of 1490594692?
9
What is the ten millions digit of 382789541?
8
What is the ten millions digit of 21095509?
2
What is the hundreds digit of 312600005?
0
What is the units digit of 18271295?
5
What is the millions digit of 2595067285?
5
What is the millions digit of 164895989?
4
What is the hundred thousands digit of 7441674406?
6
What is the ten thousands digit of 1160414676?
1
What is the ten thousands digit of 12378337?
7
What is the hundred millions digit of 450047168?
4
What is the millions digit of 34369867?
4
What is the tens digit of 864861392?
9
What is the hundred millions digit of 3946727369?
9
What is the hundreds digit of 88132308?
3
What is the hundreds digit of 1378243029?
0
What is the millions digit of 70928230?
0
What is the tens digit of 206660345?
4
What is the thousands digit of 20498187?
8
What is the tens digit of 8536963?
6
What is the hundred thousands digit of 84776440?
7
What is the thousands digit of 2674823321?
3
What is the hundreds digit of 417910724?
7
What is the tens digit of 982075149?
4
What is the ten thousands digit of 7394500149?
0
What is the millions digit of 598895389?
8
What is the tens digit of 551999781?
8
What is the units digit of 266078230?
0
What is the millions digit of 74771339?
4
What is the units digit of 24858850?
0
What is the ten thousands digit of 718691736?
9
What is the millions digit of 34597604?
4
What is the hundreds digit of 966408?
4
What is the millions digit of 7196940812?
6
What is the ten millions digit of 1074665193?
7
What is the millions digit of 2808396792?
8
What is the millions digit of 1770129547?
0
What is the thousands digit of 76908621?
8
What is the thousands digit of 206762073?
2
What is the hundred thousands digit of 206942177?
9
What is the hundred thousands digit of 5740297?
7
What is the hundreds digit of 500676967?
9
What is the hundred millions digit of 137251354?
1
What is the hundreds digit of 28243661?
6
What is the ten millions digit of 1123318935?
2
What is the hundred thousands digit of 58336325?
3
What is the hundred thousands digit of 29581990?
5
What is the tens digit of 58642656?
5
What is the units digit of 197422627?
7
What is the millions digit of 110089669?
0
What is the units digit of 7426581540?
0
What is the ten thousands digit of 708285494?
8
What is the ten thousands digit of 710178020?
7
What is the units digit of 136182400?
0
What is the ten millions digit of 344107020?
4
What is the thousands digit of 592034017?
4
What is the hundred millions digit of 5458213393?
4
What is the tens digit of 5936905683?
8
What is the hundreds digit of 337122868?
8
What is the ten millions digit of 2417188233?
1
What is the tens digit of 453037995?
9
What is the hundred millions digit of 5127360017?
1
What is the hundreds digit of 21484243?
2
What is the ten millions digit of 17481469?
1
What is the tens digit of 106638938?
3
What is the hundred millions digit of 1481012636?
4
What is the units digit of 892810527?
7
What is the tens digit of 46249599?
9
What is the millions digit of 1003702668?
3
What is the ten millions digit of 81115683?
8
What is the hundred thousands digit of 171675315?
6
What is the thousands digit of 39208967?
8
What is the millions digit of 1206940518?
6
What is the hundred thousands digit of 11534098?
5
What is the hundred thousands digit of 26296006?
2
What is the hundred thousands digit of 216910177?
9
What is the hundreds digit of 51854319?
3
What is the thousands digit of 370440491?
0
What is the hundreds digit of 217294904?
9
What is the ten millions digit of 185151013?
8
What is the units digit of 56137883?
3
What is the ten thousands digit of 801969396?
6
What is the tens digit of 787795662?
6
What is the thousands digit of 2627131471?
1
What is the units digit of 667105813?
3
What is the ten millions digit of 176949909?
7
What is the tens digit of 5496433218?
1
What is the ten millions digit of 83022229?
8
What is the thousands digit of 49086034?
6
What is the ten thousands digit of 32211077?
1
What is the units digit of 1442774423?
3
What is the thousands digit of 3498116?
8
What is the ten thousands digit of 100305534?
0
What is the thousands digit of 534238578?
8
What is the ten millions digit of 279017004?
7
What is the millions digit of 209428932?
9
What is the hundred millions digit of 1878992200?
8
What is the ten millions digit of 197861450?
9
What is the hundreds digit of 10321559?
5
What is the thousands digit of 388964072?
4
What is the tens digit of 290924278?
7
What is the thousands digit of 3008996?
8
What is the millions digit of 448164329?
8
What is the hundred millions digit of 1465796073?
4
What is the ten millions digit of 15882480?
1
What is the billions digit of 1492146761?
1
What is the tens digit of 72445358?
5
What is the thousands digit of 132506603?
6
What is the hundred thousands digit of 6549247174?
2
What is the thousands digit of 5762265358?
5
What is the millions digit of 471475776?
1
What is the hundred millions digit of 3708631519?
7
What is the ten thousands digit of 633008333?
0
What is the hundred thousands digit of 1698063434?
0
What is the millions digit of 193237934?
3
What is the hundred thousands digit of 109667139?
6
What is the thousands digit of 116319724?
9
What is the thousands digit of 2134555088?
5
What is the units digit of 2546275918?
8
What is the hundreds digit of 516765758?
7
What is the units digit of 74575859?
9
What is the ten thousands digit of 1100927211?
2
What is the thousands digit of 105491012?
1
What is the tens digit of 59906942?
4
What is the hundred millions digit of 620107646?
6
What is the units digit of 982005075?
5
What is the thousands digit of 54512966?
2
What is the hundred thousands digit of 1036182530?
1
What is the hundreds digit of 317300532?
5
What is the thousands digit of 122708125?
8
What is the tens digit of 737383029?
2
What is the tens digit of 213109828?
2
What is the tens digit of 70295285?
8
What is the ten millions digit of 173054204?
7
What is the tens digit of 18059743?
4
What is the tens digit of 174582454?
5
What is the units digit of 216563350?
0
What is the ten millions digit of 306022762?
0
What is the ten millions digit of 135445124?
3
What is the hundreds digit of 9258209?
2
What is the hundred thousands digit of 33856505?
8
What is the ten millions digit of 259259583?
5
What is the ten millions digit of 82610653?
8
What is the millions digit of 215165050?
5
What is the millions digit of 575108466?
5
What is the ten millions digit of 55670908?
5
What is the hundreds digit of 5863060?
0
What is the thousands digit of 33772795?
2
What is the hundreds digit of 33473026?
0
What is the hundreds digit of 44676765?
7
What is the ten millions digit of 41862274?
4
What is the millions digit of 147888651?
7
What is the hundreds digit of 79223344?
3
What is the ten millions digit of 47926776?
4
What is the hundred millions digit of 908049116?
9
What is the ten millions digit of 578667387?
7
What is the units digit of 82132313?
3
What is the thousands digit of 478410687?
0
What is the tens digit of 11856296?
9
What is the hundred thousands digit of 246431455?
4
What is the tens digit of 642318448?
4
What is the hundreds digit of 171228927?
9
What is the hundred thousands digit of 149607278?
6
What is the hundreds digit of 39349265?
2
What is the te